{"id":206,"date":"2019-07-06T11:16:01","date_gmt":"2019-07-06T09:16:01","guid":{"rendered":"http:\/\/madagascar-design.com\/quincaillerie\/?post_type=product&#038;p=206"},"modified":"2024-09-16T01:12:09","modified_gmt":"2024-09-15T23:12:09","slug":"tondeuse-a-gazon-a-main","status":"publish","type":"product","link":"https:\/\/madagascar-design.com\/quincaillerie\/produit\/tondeuse-a-gazon-a-main\/","title":{"rendered":"Tondeuse \u00e0 gazon \u00e0 main"},"content":{"rendered":"<p>La tondeuse \u00e0 main GC-HM 40 est un outil robuste et fonctionnel qui permet une tonte impeccable, silencieuse et \u00e9cologique de petites surfaces. Cette tondeuse h\u00e9lico\u00efdale est \u00e9quip\u00e9e d&#8217;un cylindre de coupe sur roulement \u00e0 billes avec 5 lames en acier de haute qualit\u00e9 et le r\u00e9glage \u00e0 4 positions permet de choisir la hauteur de coupe souhait\u00e9e.<\/p>\n<p>Caract\u00e9ristiques:<br \/>\n&#8211; Cylindre de coupe sur roulement \u00e0 billes avec 5 lames en acier de haute qualit\u00e9<br \/>\n&#8211; R\u00e9glage de la hauteur de coupe \u00e0 4 positions 15-35 mm<br \/>\n&#8211; Roues larges pour la protection de la pelouse<br \/>\n&#8211; Cylindre d&#8217;entra\u00eenement en PVC \u00d8 46 mm<br \/>\n&#8211; Bac de ramassage de 27 l, amovible<br \/>\n&#8211; Conseill\u00e9e pour des surfaces jusqu&#8217;\u00e0 250 m\u00b2<\/p>\n","protected":false},"excerpt":{"rendered":"<p>La tondeuse \u00e0 main GC-HM 40 est un outil robuste et fonctionnel qui permet une tonte impeccable, silencieuse et \u00e9cologique de petites surfaces.<\/p>\n","protected":false},"featured_media":207,"comment_status":"open","ping_status":"closed","template":"","meta":[],"_links":{"self":[{"href":"https:\/\/madagascar-design.com\/quincaillerie\/wp-json\/wp\/v2\/product\/206"}],"collection":[{"href":"https:\/\/madagascar-design.com\/quincaillerie\/wp-json\/wp\/v2\/product"}],"about":[{"href":"https:\/\/madagascar-design.com\/quincaillerie\/wp-json\/wp\/v2\/types\/product"}],"replies":[{"embeddable":true,"href":"https:\/\/madagascar-design.com\/quincaillerie\/wp-json\/wp\/v2\/comments?post=206"}],"wp:featuredmedia":[{"embeddable":true,"href":"https:\/\/madagascar-design.com\/quincaillerie\/wp-json\/wp\/v2\/media\/207"}],"wp:attachment":[{"href":"https:\/\/madagascar-design.com\/quincaillerie\/wp-json\/wp\/v2\/media?parent=206"}],"curies":[{"name":"wp","href":"https:\/\/api.w.org\/{rel}","templated":true}]}}