{"id":202,"date":"2019-07-06T11:05:57","date_gmt":"2019-07-06T09:05:57","guid":{"rendered":"http:\/\/madagascar-design.com\/quincaillerie\/?post_type=product&#038;p=202"},"modified":"2024-03-18T20:08:10","modified_gmt":"2024-03-18T19:08:10","slug":"visseuse-plaque-de-platre","status":"publish","type":"product","link":"https:\/\/madagascar-design.com\/quincaillerie\/produit\/visseuse-plaque-de-platre\/","title":{"rendered":"Visseuse plaque de pl\u00e2tre"},"content":{"rendered":"<p>D\u00e9tails :<\/p>\n<ul>\n<li>Visseuse haut rendement et haute performance gr\u00e2ce au moteur BL sans charbon<\/li>\n<li>Technologie &#8221;pousse et visse&#8221; : Moins de consommation d&#8217;\u00e9nergie, r\u00e9duction du bruit et des TMS.<\/li>\n<li>Technologie XPT limitant les infiltrations d&#8217;eau et poussi\u00e8res<\/li>\n<li>Ultra-robuste gr\u00e2ce \u00e0 son carter d&#8217;engrenage en aluminium<\/li>\n<li>\u00c9clairage LED int\u00e9gr\u00e9 pour un travail plus ais\u00e9 dans les endroits sombres<\/li>\n<\/ul>\n<p>Equipement :<\/p>\n<ul>\n<li>sans chargeur ni batterie<\/li>\n<\/ul>\n","protected":false},"excerpt":{"rendered":"<p>Visseuse plaque de pl\u00e2tre MAKITA 18 V Li-Ion sans chargeur ni batterie &#8211; DFS452Z <\/p>\n","protected":false},"featured_media":203,"comment_status":"open","ping_status":"closed","template":"","meta":[],"_links":{"self":[{"href":"https:\/\/madagascar-design.com\/quincaillerie\/wp-json\/wp\/v2\/product\/202"}],"collection":[{"href":"https:\/\/madagascar-design.com\/quincaillerie\/wp-json\/wp\/v2\/product"}],"about":[{"href":"https:\/\/madagascar-design.com\/quincaillerie\/wp-json\/wp\/v2\/types\/product"}],"replies":[{"embeddable":true,"href":"https:\/\/madagascar-design.com\/quincaillerie\/wp-json\/wp\/v2\/comments?post=202"}],"wp:featuredmedia":[{"embeddable":true,"href":"https:\/\/madagascar-design.com\/quincaillerie\/wp-json\/wp\/v2\/media\/203"}],"wp:attachment":[{"href":"https:\/\/madagascar-design.com\/quincaillerie\/wp-json\/wp\/v2\/media?parent=202"}],"curies":[{"name":"wp","href":"https:\/\/api.w.org\/{rel}","templated":true}]}}