{"id":52,"date":"2019-06-02T11:43:20","date_gmt":"2019-06-02T09:43:20","guid":{"rendered":"http:\/\/madagascar-design.com\/quincaillerie\/?page_id=52"},"modified":"2019-06-04T20:37:15","modified_gmt":"2019-06-04T18:37:15","slug":"nos-agences","status":"publish","type":"page","link":"https:\/\/madagascar-design.com\/quincaillerie\/nos-agences\/","title":{"rendered":"Nos Agences"},"content":{"rendered":"<p>La Quincaillerie Mada est repr\u00e9sent\u00e9e par ses 6 agences r\u00e9parties dans les provinces.<\/p>\n<h2>Agence Tananarive<\/h2>\n<table width=\"100%\" border=\"0\" cellspacing=\"0\" cellpadding=\"2\">\n<tbody>\n<tr>\n<td valign=\"top\">\n<h4>Adresse :<\/h4>\n<p>Lot IV ter Anosizato<br \/>\nPort1 : <strong>032 71 101 59<\/strong><br \/>\nPort2 : <strong>034 xx xxx xx<\/strong><br \/>\nFixe : <strong>22 324 xx xxx<\/strong>\n\t\t<\/td>\n<td>\n<h4>Horaires :<\/h4>\n<p>Du Lundi au Vendredi<br \/>\n<strong>9h30 \u2013 20h00<\/strong><br \/>\nLe samedi<br \/>\n<strong>9h30 \u2013 20h30<\/strong><br \/>\nLe dimanche<br \/>\n<strong>11h00 \u2013 20h<\/strong><\/td>\n<\/tr>\n<\/tbody>\n<\/table>\n<h2>Agence Fianarantsoa<\/h2>\n<table width=\"100%\" border=\"0\" cellspacing=\"0\" cellpadding=\"2\">\n<tbody>\n<tr>\n<td valign=\"top\">\n<h4>Adresse :<\/h4>\n<p>Lot IV ter Fianara<br \/>\nPort1 : <strong>032 71 101 59<\/strong><br \/>\nPort2 : <strong>034 xx xxx xx<\/strong><br \/>\nFixe : <strong>22 324 xx xxx<\/strong>\n\t\t<\/td>\n<td>\n<h4>Horaires :<\/h4>\n<p>Du Lundi au Vendredi<br \/>\n<strong>9h30 \u2013 20h00<\/strong><br \/>\nLe samedi<br \/>\n<strong>9h30 \u2013 20h30<\/strong><br \/>\nLe dimanche<br \/>\n<strong>11h00 \u2013 20h<\/strong><\/td>\n<\/tr>\n<\/tbody>\n<\/table>\n<h2>Agence Tamatave<\/h2>\n<table width=\"100%\" border=\"0\" cellspacing=\"0\" cellpadding=\"2\">\n<tbody>\n<tr>\n<td valign=\"top\">\n<h4>Adresse :<\/h4>\n<p>Lot IV ter Tamatave<br \/>\nPort1 : <strong>032 71 101 59<\/strong><br \/>\nPort2 : <strong>034 xx xxx xx<\/strong><br \/>\nFixe : <strong>22 324 xx xxx<\/strong>\n\t\t<\/td>\n<td>\n<h4>Horaires :<\/h4>\n<p>Du Lundi au Vendredi<br \/>\n<strong>9h30 \u2013 20h00<\/strong><br \/>\nLe samedi<br \/>\n<strong>9h30 \u2013 20h30<\/strong><br \/>\nLe dimanche<br \/>\n<strong>11h00 \u2013 20h<\/strong><\/td>\n<\/tr>\n<\/tbody>\n<\/table>\n<h2>Agence Majunga<\/h2>\n<table width=\"100%\" border=\"0\" cellspacing=\"0\" cellpadding=\"2\">\n<tbody>\n<tr>\n<td valign=\"top\">\n<h4>Adresse :<\/h4>\n<p>Lot IV ter Majunga<br \/>\nPort1 : <strong>032 71 101 59<\/strong><br \/>\nPort2 : <strong>034 xx xxx xx<\/strong><br \/>\nFixe : <strong>22 324 xx xxx<\/strong>\n\t\t<\/td>\n<td>\n<h4>Horaires :<\/h4>\n<p>Du Lundi au Vendredi<br \/>\n<strong>9h30 \u2013 20h00<\/strong><br \/>\nLe samedi<br \/>\n<strong>9h30 \u2013 20h30<\/strong><br \/>\nLe dimanche<br \/>\n<strong>11h00 \u2013 20h<\/strong><\/td>\n<\/tr>\n<\/tbody>\n<\/table>\n<h2>Agence Di\u00e9go<\/h2>\n<table width=\"100%\" border=\"0\" cellspacing=\"0\" cellpadding=\"2\">\n<tbody>\n<tr>\n<td valign=\"top\">\n<h4>Adresse :<\/h4>\n<p>Lot IV ter Di\u00e9go<br \/>\nPort1 : <strong>032 71 101 59<\/strong><br \/>\nPort2 : <strong>034 xx xxx xx<\/strong><br \/>\nFixe : <strong>22 324 xx xxx<\/strong>\n\t\t<\/td>\n<td>\n<h4>Horaires :<\/h4>\n<p>Du Lundi au Vendredi<br \/>\n<strong>9h30 \u2013 20h00<\/strong><br \/>\nLe samedi<br \/>\n<strong>9h30 \u2013 20h30<\/strong><br \/>\nLe dimanche<br \/>\n<strong>11h00 \u2013 20h<\/strong><\/td>\n<\/tr>\n<\/tbody>\n<\/table>\n<h2>Agence Tul\u00e9ar<\/h2>\n<table width=\"100%\" border=\"0\" cellspacing=\"0\" cellpadding=\"2\">\n<tbody>\n<tr>\n<td valign=\"top\">\n<h4>Adresse :<\/h4>\n<p>Lot IV ter Tul\u00e9ar<br \/>\nPort1 : <strong>032 71 101 59<\/strong><br \/>\nPort2 : <strong>034 xx xxx xx<\/strong><br \/>\nFixe : <strong>22 324 xx xxx<\/strong>\n\t\t<\/td>\n<td>\n<h4>Horaires :<\/h4>\n<p>Du Lundi au Vendredi<br \/>\n<strong>9h30 \u2013 20h00<\/strong><br \/>\nLe samedi<br \/>\n<strong>9h30 \u2013 20h30<\/strong><br \/>\nLe dimanche<br \/>\n<strong>11h00 \u2013 20h<\/strong><\/td>\n<\/tr>\n<\/tbody>\n<\/table>\n","protected":false},"excerpt":{"rendered":"<p>La Quincaillerie Mada est repr\u00e9sent\u00e9e par ses 6 agences r\u00e9parties dans les provinces. Agence Tananarive Adresse : Lot IV ter Anosizato Port1 : 032 71 101 59 Port2 : 034 xx xxx xx Fixe : 22 324 xx xxx Horaires : Du Lundi au Vendredi 9h30 \u2013 20h00 Le samedi 9h30 \u2013 20h30 Le dimanche [&hellip;]<\/p>\n","protected":false},"author":1,"featured_media":130,"parent":0,"menu_order":0,"comment_status":"closed","ping_status":"closed","template":"","meta":{"footnotes":""},"_links":{"self":[{"href":"https:\/\/madagascar-design.com\/quincaillerie\/wp-json\/wp\/v2\/pages\/52"}],"collection":[{"href":"https:\/\/madagascar-design.com\/quincaillerie\/wp-json\/wp\/v2\/pages"}],"about":[{"href":"https:\/\/madagascar-design.com\/quincaillerie\/wp-json\/wp\/v2\/types\/page"}],"author":[{"embeddable":true,"href":"https:\/\/madagascar-design.com\/quincaillerie\/wp-json\/wp\/v2\/users\/1"}],"replies":[{"embeddable":true,"href":"https:\/\/madagascar-design.com\/quincaillerie\/wp-json\/wp\/v2\/comments?post=52"}],"version-history":[{"count":7,"href":"https:\/\/madagascar-design.com\/quincaillerie\/wp-json\/wp\/v2\/pages\/52\/revisions"}],"predecessor-version":[{"id":129,"href":"https:\/\/madagascar-design.com\/quincaillerie\/wp-json\/wp\/v2\/pages\/52\/revisions\/129"}],"wp:featuredmedia":[{"embeddable":true,"href":"https:\/\/madagascar-design.com\/quincaillerie\/wp-json\/wp\/v2\/media\/130"}],"wp:attachment":[{"href":"https:\/\/madagascar-design.com\/quincaillerie\/wp-json\/wp\/v2\/media?parent=52"}],"curies":[{"name":"wp","href":"https:\/\/api.w.org\/{rel}","templated":true}]}}