{"id":50,"date":"2019-06-02T11:37:08","date_gmt":"2019-06-02T09:37:08","guid":{"rendered":"http:\/\/madagascar-design.com\/quincaillerie\/?page_id=50"},"modified":"2019-06-07T17:19:35","modified_gmt":"2019-06-07T15:19:35","slug":"qui-sommes-nous","status":"publish","type":"page","link":"https:\/\/madagascar-design.com\/quincaillerie\/qui-sommes-nous\/","title":{"rendered":"Qui sommes-nous"},"content":{"rendered":"<p>La quincaillerie a \u00e9t\u00e9 fond\u00e9e le 06 juin 1958 \u00e0 Tananarive. Depuis plusieurs ann\u00e9es, elle n\u2019a cess\u00e9 que de pr\u00e9senter et vendre des produits de qualit\u00e9 \u00e0 l\u2019usage du b\u00e2timent et de l\u2019ameublement.<\/p>\n<p>Op\u00e9rant un virage strat\u00e9gique en 2000, <strong>La quincaillerie s\u2019est alors sp\u00e9cialis\u00e9e<\/strong> sur des produits contemporains, privil\u00e9giant qualit\u00e9, design et adaptabilit\u00e9.<\/p>\n<p>Aujourd\u2019hui, forts de nos cinq mille produits, nous essayons chaque jour de couvrir la totalit\u00e9 des demandes pour les portes, portails, fen\u00eatres, volets, tiroirs et placards&#8230;<\/p>\n<p><img decoding=\"async\" loading=\"lazy\" class=\"alignnone size-full wp-image-121\" src=\"http:\/\/madagascar-design.com\/quincaillerie\/wp-content\/uploads\/2019\/06\/vente-outillage-madagascar.jpg\" alt=\"Vente outillage madagascar\" width=\"1000\" height=\"428\" srcset=\"https:\/\/madagascar-design.com\/quincaillerie\/wp-content\/uploads\/2019\/06\/vente-outillage-madagascar.jpg 1000w, https:\/\/madagascar-design.com\/quincaillerie\/wp-content\/uploads\/2019\/06\/vente-outillage-madagascar-300x128.jpg 300w, https:\/\/madagascar-design.com\/quincaillerie\/wp-content\/uploads\/2019\/06\/vente-outillage-madagascar-768x329.jpg 768w, https:\/\/madagascar-design.com\/quincaillerie\/wp-content\/uploads\/2019\/06\/vente-outillage-madagascar-555x238.jpg 555w\" sizes=\"(max-width: 1000px) 100vw, 1000px\" \/><\/p>\n","protected":false},"excerpt":{"rendered":"<p>La quincaillerie a \u00e9t\u00e9 fond\u00e9e le 06 juin 1958 \u00e0 Tananarive. Depuis plusieurs ann\u00e9es, elle n\u2019a cess\u00e9 que de pr\u00e9senter et vendre des produits de qualit\u00e9 \u00e0 l\u2019usage du b\u00e2timent et de l\u2019ameublement. Op\u00e9rant un virage strat\u00e9gique en 2000, La quincaillerie s\u2019est alors sp\u00e9cialis\u00e9e sur des produits contemporains, privil\u00e9giant qualit\u00e9, design et adaptabilit\u00e9. Aujourd\u2019hui, forts [&hellip;]<\/p>\n","protected":false},"author":1,"featured_media":86,"parent":0,"menu_order":0,"comment_status":"closed","ping_status":"closed","template":"","meta":{"footnotes":""},"_links":{"self":[{"href":"https:\/\/madagascar-design.com\/quincaillerie\/wp-json\/wp\/v2\/pages\/50"}],"collection":[{"href":"https:\/\/madagascar-design.com\/quincaillerie\/wp-json\/wp\/v2\/pages"}],"about":[{"href":"https:\/\/madagascar-design.com\/quincaillerie\/wp-json\/wp\/v2\/types\/page"}],"author":[{"embeddable":true,"href":"https:\/\/madagascar-design.com\/quincaillerie\/wp-json\/wp\/v2\/users\/1"}],"replies":[{"embeddable":true,"href":"https:\/\/madagascar-design.com\/quincaillerie\/wp-json\/wp\/v2\/comments?post=50"}],"version-history":[{"count":5,"href":"https:\/\/madagascar-design.com\/quincaillerie\/wp-json\/wp\/v2\/pages\/50\/revisions"}],"predecessor-version":[{"id":167,"href":"https:\/\/madagascar-design.com\/quincaillerie\/wp-json\/wp\/v2\/pages\/50\/revisions\/167"}],"wp:featuredmedia":[{"embeddable":true,"href":"https:\/\/madagascar-design.com\/quincaillerie\/wp-json\/wp\/v2\/media\/86"}],"wp:attachment":[{"href":"https:\/\/madagascar-design.com\/quincaillerie\/wp-json\/wp\/v2\/media?parent=50"}],"curies":[{"name":"wp","href":"https:\/\/api.w.org\/{rel}","templated":true}]}}