{"id":220,"date":"2019-07-06T11:56:12","date_gmt":"2019-07-06T09:56:12","guid":{"rendered":"http:\/\/madagascar-design.com\/quincaillerie\/?page_id=220"},"modified":"2019-07-06T11:56:12","modified_gmt":"2019-07-06T09:56:12","slug":"electromenager","status":"publish","type":"page","link":"https:\/\/madagascar-design.com\/quincaillerie\/electromenager\/","title":{"rendered":"Electrom\u00e9nager"},"content":{"rendered":"<p>D\u00e9couvrez tous nos produits en Electrom\u00e9nager.<br \/>\n<div class=\"woocommerce columns-4 \"><ul class=\"products columns-4\">\n<li class=\"product type-product post-190 status-publish first instock product_cat-electromenager product_tag-vente-fer-a-repasser-madagascar has-post-thumbnail sale shipping-taxable purchasable product-type-simple\">\n\t<img width=\"262\" height=\"328\" src=\"https:\/\/madagascar-design.com\/quincaillerie\/wp-content\/uploads\/2019\/07\/vente-fer-a-repasser-madagascar-262x328.jpg\" class=\"attachment-shop_catalog size-shop_catalog wp-post-image\" alt=\"\" decoding=\"async\" title=\"vente-fer-a-repasser-madagascar\" srcset=\"https:\/\/madagascar-design.com\/quincaillerie\/wp-content\/uploads\/2019\/07\/vente-fer-a-repasser-madagascar-262x328.jpg 262w, https:\/\/madagascar-design.com\/quincaillerie\/wp-content\/uploads\/2019\/07\/vente-fer-a-repasser-madagascar-58x72.jpg 58w\" sizes=\"(max-width: 262px) 100vw, 262px\" \/>\n\t<span class=\"onsale\">Promo\u00a0!<\/span>\n\t<a href=\"https:\/\/madagascar-design.com\/quincaillerie?action=yith-woocompare-add-product&id=190\" class=\"compare button\" data-product_id=\"190\" rel=\"nofollow\">Comparer<\/a><\/li>\n<li class=\"product type-product post-186 status-publish instock product_cat-electromenager product_tag-vente-lave-linge-madagascar has-post-thumbnail sale shipping-taxable purchasable product-type-simple\">\n\t<img width=\"262\" height=\"328\" src=\"https:\/\/madagascar-design.com\/quincaillerie\/wp-content\/uploads\/2019\/07\/vente-lave-linge-madagascar-262x328.jpg\" class=\"attachment-shop_catalog size-shop_catalog wp-post-image\" alt=\"\" decoding=\"async\" title=\"vente-lave-linge-madagascar\" srcset=\"https:\/\/madagascar-design.com\/quincaillerie\/wp-content\/uploads\/2019\/07\/vente-lave-linge-madagascar-262x328.jpg 262w, https:\/\/madagascar-design.com\/quincaillerie\/wp-content\/uploads\/2019\/07\/vente-lave-linge-madagascar-58x72.jpg 58w\" sizes=\"(max-width: 262px) 100vw, 262px\" \/>\n\t<span class=\"onsale\">Promo\u00a0!<\/span>\n\t<a href=\"https:\/\/madagascar-design.com\/quincaillerie?action=yith-woocompare-add-product&id=186\" class=\"compare button\" data-product_id=\"186\" rel=\"nofollow\">Comparer<\/a><\/li>\n<li class=\"product type-product post-188 status-publish instock product_cat-electromenager product_tag-vente-mixeur-electrique-madagascar has-post-thumbnail sale shipping-taxable purchasable product-type-simple\">\n\t<img width=\"262\" height=\"328\" src=\"https:\/\/madagascar-design.com\/quincaillerie\/wp-content\/uploads\/2019\/07\/vente-mixeur-electrique-madagascar-262x328.jpg\" class=\"attachment-shop_catalog size-shop_catalog wp-post-image\" alt=\"\" decoding=\"async\" title=\"vente-mixeur-electrique-madagascar\" srcset=\"https:\/\/madagascar-design.com\/quincaillerie\/wp-content\/uploads\/2019\/07\/vente-mixeur-electrique-madagascar-262x328.jpg 262w, https:\/\/madagascar-design.com\/quincaillerie\/wp-content\/uploads\/2019\/07\/vente-mixeur-electrique-madagascar-58x72.jpg 58w\" sizes=\"(max-width: 262px) 100vw, 262px\" \/>\n\t<span class=\"onsale\">Promo\u00a0!<\/span>\n\t<a href=\"https:\/\/madagascar-design.com\/quincaillerie?action=yith-woocompare-add-product&id=188\" class=\"compare button\" data-product_id=\"188\" rel=\"nofollow\">Comparer<\/a><\/li>\n<li class=\"product type-product post-192 status-publish last instock product_cat-electromenager product_tag-vente-refrigerateur-madagascar has-post-thumbnail sale shipping-taxable purchasable product-type-simple\">\n\t<img width=\"262\" height=\"328\" src=\"https:\/\/madagascar-design.com\/quincaillerie\/wp-content\/uploads\/2019\/07\/vente-refrigerateur-madagascar-262x328.jpg\" class=\"attachment-shop_catalog size-shop_catalog wp-post-image\" alt=\"\" decoding=\"async\" title=\"vente-refrigerateur-madagascar\" srcset=\"https:\/\/madagascar-design.com\/quincaillerie\/wp-content\/uploads\/2019\/07\/vente-refrigerateur-madagascar-262x328.jpg 262w, https:\/\/madagascar-design.com\/quincaillerie\/wp-content\/uploads\/2019\/07\/vente-refrigerateur-madagascar-58x72.jpg 58w\" sizes=\"(max-width: 262px) 100vw, 262px\" \/>\n\t<span class=\"onsale\">Promo\u00a0!<\/span>\n\t<a href=\"https:\/\/madagascar-design.com\/quincaillerie?action=yith-woocompare-add-product&id=192\" class=\"compare button\" data-product_id=\"192\" rel=\"nofollow\">Comparer<\/a><\/li>\n<\/ul>\n<\/div><\/p>\n","protected":false},"excerpt":{"rendered":"<p>D\u00e9couvrez tous nos produits en Electrom\u00e9nager.<\/p>\n","protected":false},"author":1,"featured_media":0,"parent":0,"menu_order":0,"comment_status":"closed","ping_status":"closed","template":"template-fullwidth.php","meta":{"footnotes":""},"_links":{"self":[{"href":"https:\/\/madagascar-design.com\/quincaillerie\/wp-json\/wp\/v2\/pages\/220"}],"collection":[{"href":"https:\/\/madagascar-design.com\/quincaillerie\/wp-json\/wp\/v2\/pages"}],"about":[{"href":"https:\/\/madagascar-design.com\/quincaillerie\/wp-json\/wp\/v2\/types\/page"}],"author":[{"embeddable":true,"href":"https:\/\/madagascar-design.com\/quincaillerie\/wp-json\/wp\/v2\/users\/1"}],"replies":[{"embeddable":true,"href":"https:\/\/madagascar-design.com\/quincaillerie\/wp-json\/wp\/v2\/comments?post=220"}],"version-history":[{"count":1,"href":"https:\/\/madagascar-design.com\/quincaillerie\/wp-json\/wp\/v2\/pages\/220\/revisions"}],"predecessor-version":[{"id":221,"href":"https:\/\/madagascar-design.com\/quincaillerie\/wp-json\/wp\/v2\/pages\/220\/revisions\/221"}],"wp:attachment":[{"href":"https:\/\/madagascar-design.com\/quincaillerie\/wp-json\/wp\/v2\/media?parent=220"}],"curies":[{"name":"wp","href":"https:\/\/api.w.org\/{rel}","templated":true}]}}